{"id":497,"date":"2021-10-22T14:50:59","date_gmt":"2021-10-22T12:50:59","guid":{"rendered":"https:\/\/hemm.design\/?page_id=497"},"modified":"2022-12-19T23:29:19","modified_gmt":"2022-12-19T22:29:19","slug":"impressum","status":"publish","type":"page","link":"https:\/\/hemm.design\/?page_id=497","title":{"rendered":"Impressum"},"content":{"rendered":"\t\t<div data-elementor-type=\"wp-page\" data-elementor-id=\"497\" class=\"elementor elementor-497\">\n\t\t\t\t\t\t<header class=\"elementor-section elementor-top-section elementor-element elementor-element-4797ce1b elementor-section-content-middle elementor-section-height-min-height elementor-section-boxed elementor-section-height-default elementor-section-items-middle\" data-id=\"4797ce1b\" data-element_type=\"section\" id=\"header\" data-settings=\"{&quot;background_background&quot;:&quot;classic&quot;}\">\n\t\t\t\t\t\t<div class=\"elementor-container elementor-column-gap-default\">\n\t\t\t\t\t<div class=\"elementor-column elementor-col-50 elementor-top-column elementor-element elementor-element-1c095bbb\" data-id=\"1c095bbb\" data-element_type=\"column\">\n\t\t\t<div class=\"elementor-widget-wrap elementor-element-populated\">\n\t\t\t\t\t\t<div class=\"elementor-element elementor-element-6c1e9c08 elementor-hidden-desktop elementor-widget elementor-widget-image\" data-id=\"6c1e9c08\" data-element_type=\"widget\" data-widget_type=\"image.default\">\n\t\t\t\t<div class=\"elementor-widget-container\">\n\t\t\t\t\t\t\t\t\t\t\t\t\t\t\t\t<a href=\"https:\/\/hemm.design\/\">\n\t\t\t\t\t\t\t<img fetchpriority=\"high\" decoding=\"async\" width=\"250\" height=\"250\" src=\"https:\/\/hemm.design\/wp-content\/uploads\/2021\/10\/cropped-HEMM-LOGO-1000-px.png\" class=\"attachment-medium_large size-medium_large wp-image-25\" alt=\"\" srcset=\"https:\/\/hemm.design\/wp-content\/uploads\/2021\/10\/cropped-HEMM-LOGO-1000-px.png 250w, https:\/\/hemm.design\/wp-content\/uploads\/2021\/10\/cropped-HEMM-LOGO-1000-px-150x150.png 150w, https:\/\/hemm.design\/wp-content\/uploads\/2021\/10\/cropped-HEMM-LOGO-1000-px-100x100.png 100w\" sizes=\"(max-width: 250px) 100vw, 250px\" \/>\t\t\t\t\t\t\t\t<\/a>\n\t\t\t\t\t\t\t\t\t\t\t\t\t\t\t<\/div>\n\t\t\t\t<\/div>\n\t\t\t\t<div class=\"elementor-element elementor-element-4eed06a9 elementor-hidden-tablet elementor-hidden-mobile elementor-widget elementor-widget-image\" data-id=\"4eed06a9\" data-element_type=\"widget\" data-widget_type=\"image.default\">\n\t\t\t\t<div class=\"elementor-widget-container\">\n\t\t\t\t\t\t\t\t\t\t\t\t\t\t\t\t<a href=\"https:\/\/hemm.design\/\">\n\t\t\t\t\t\t\t<img decoding=\"async\" width=\"563\" height=\"119\" src=\"https:\/\/hemm.design\/wp-content\/uploads\/2021\/10\/Hemm-Logo.png\" class=\"attachment-large size-large wp-image-169\" alt=\"Agentur f\u00fcr Kommunikation Konzept und Design\" srcset=\"https:\/\/hemm.design\/wp-content\/uploads\/2021\/10\/Hemm-Logo.png 563w, https:\/\/hemm.design\/wp-content\/uploads\/2021\/10\/Hemm-Logo-300x63.png 300w\" sizes=\"(max-width: 563px) 100vw, 563px\" \/>\t\t\t\t\t\t\t\t<\/a>\n\t\t\t\t\t\t\t\t\t\t\t\t\t\t\t<\/div>\n\t\t\t\t<\/div>\n\t\t\t\t\t<\/div>\n\t\t<\/div>\n\t\t\t\t<div class=\"elementor-column elementor-col-50 elementor-top-column elementor-element elementor-element-6713ebbf\" data-id=\"6713ebbf\" data-element_type=\"column\">\n\t\t\t<div class=\"elementor-widget-wrap elementor-element-populated\">\n\t\t\t\t\t\t<section class=\"elementor-section elementor-inner-section elementor-element elementor-element-1f3a886e elementor-section-boxed elementor-section-height-default elementor-section-height-default\" data-id=\"1f3a886e\" data-element_type=\"section\">\n\t\t\t\t\t\t<div class=\"elementor-container elementor-column-gap-default\">\n\t\t\t\t\t<div class=\"elementor-column elementor-col-50 elementor-inner-column elementor-element elementor-element-3175a5fa\" data-id=\"3175a5fa\" data-element_type=\"column\">\n\t\t\t<div class=\"elementor-widget-wrap elementor-element-populated\">\n\t\t\t\t\t\t<div class=\"elementor-element elementor-element-57ab758b elementor-button-info elementor-align-right elementor-widget elementor-widget-button\" data-id=\"57ab758b\" data-element_type=\"widget\" data-widget_type=\"button.default\">\n\t\t\t\t<div class=\"elementor-widget-container\">\n\t\t\t\t\t\t\t\t\t<div class=\"elementor-button-wrapper\">\n\t\t\t\t\t<a class=\"elementor-button elementor-button-link elementor-size-xs\" href=\"mailto:andreas@hemm.design\">\n\t\t\t\t\t\t<span class=\"elementor-button-content-wrapper\">\n\t\t\t\t\t\t<span class=\"elementor-button-icon\">\n\t\t\t\t<i aria-hidden=\"true\" class=\"far fa-envelope\"><\/i>\t\t\t<\/span>\n\t\t\t\t\t\t\t\t<\/span>\n\t\t\t\t\t<\/a>\n\t\t\t\t<\/div>\n\t\t\t\t\t\t\t\t<\/div>\n\t\t\t\t<\/div>\n\t\t\t\t\t<\/div>\n\t\t<\/div>\n\t\t\t\t<div class=\"elementor-column elementor-col-50 elementor-inner-column elementor-element elementor-element-5227bcb4\" data-id=\"5227bcb4\" data-element_type=\"column\">\n\t\t\t<div class=\"elementor-widget-wrap elementor-element-populated\">\n\t\t\t\t\t\t<div class=\"elementor-element elementor-element-710dd6eb elementor-button-info elementor-align-right elementor-mobile-align-left elementor-widget elementor-widget-button\" data-id=\"710dd6eb\" data-element_type=\"widget\" data-widget_type=\"button.default\">\n\t\t\t\t<div class=\"elementor-widget-container\">\n\t\t\t\t\t\t\t\t\t<div class=\"elementor-button-wrapper\">\n\t\t\t\t\t<a class=\"elementor-button elementor-button-link elementor-size-xs\" href=\"tel:+4917643292449\">\n\t\t\t\t\t\t<span class=\"elementor-button-content-wrapper\">\n\t\t\t\t\t\t<span class=\"elementor-button-icon\">\n\t\t\t\t<i aria-hidden=\"true\" class=\"fas fa-phone\"><\/i>\t\t\t<\/span>\n\t\t\t\t\t\t\t\t<\/span>\n\t\t\t\t\t<\/a>\n\t\t\t\t<\/div>\n\t\t\t\t\t\t\t\t<\/div>\n\t\t\t\t<\/div>\n\t\t\t\t\t<\/div>\n\t\t<\/div>\n\t\t\t\t\t<\/div>\n\t\t<\/section>\n\t\t\t\t\t<\/div>\n\t\t<\/div>\n\t\t\t\t\t<\/div>\n\t\t<\/header>\n\t\t\t\t<section class=\"elementor-section elementor-top-section elementor-element elementor-element-125a336 elementor-section-boxed elementor-section-height-default elementor-section-height-default\" data-id=\"125a336\" data-element_type=\"section\" data-settings=\"{&quot;background_background&quot;:&quot;classic&quot;}\">\n\t\t\t\t\t\t<div class=\"elementor-container elementor-column-gap-default\">\n\t\t\t\t\t<div class=\"elementor-column elementor-col-100 elementor-top-column elementor-element elementor-element-98979da\" data-id=\"98979da\" data-element_type=\"column\">\n\t\t\t<div class=\"elementor-widget-wrap elementor-element-populated\">\n\t\t\t\t\t\t<div class=\"elementor-element elementor-element-46a1a1dd elementor-invisible elementor-widget elementor-widget-image\" data-id=\"46a1a1dd\" data-element_type=\"widget\" data-settings=\"{&quot;_animation&quot;:&quot;slideInLeft&quot;}\" data-widget_type=\"image.default\">\n\t\t\t\t<div class=\"elementor-widget-container\">\n\t\t\t\t\t\t\t\t\t\t\t\t\t\t\t<img decoding=\"async\" width=\"150\" height=\"16\" src=\"https:\/\/hemm.design\/wp-content\/uploads\/2021\/10\/Hemm-Balken-Blau-150x16.jpg\" class=\"attachment-thumbnail size-thumbnail wp-image-73\" alt=\"\" \/>\t\t\t\t\t\t\t\t\t\t\t\t\t\t\t<\/div>\n\t\t\t\t<\/div>\n\t\t\t\t<div class=\"elementor-element elementor-element-56929aa9 elementor-widget elementor-widget-heading\" data-id=\"56929aa9\" data-element_type=\"widget\" data-widget_type=\"heading.default\">\n\t\t\t\t<div class=\"elementor-widget-container\">\n\t\t\t\t\t<h1 class=\"elementor-heading-title elementor-size-default\">Impressum<\/h1>\t\t\t\t<\/div>\n\t\t\t\t<\/div>\n\t\t\t\t<div class=\"elementor-element elementor-element-0564ab9 elementor-widget elementor-widget-text-editor\" data-id=\"0564ab9\" data-element_type=\"widget\" data-widget_type=\"text-editor.default\">\n\t\t\t\t<div class=\"elementor-widget-container\">\n\t\t\t\t\t\t\t\t\t<h2><span style=\"color: var( --e-global-color-text ); font-family: var( --e-global-typography-text-font-family ), Sans-serif; font-size: 1rem;\">Angaben gem\u00e4\u00df \u00a7 5 TMG<\/span><\/h2><p>Andreas Hemm Gestaltung<br \/>Nu\u0308rtinger Stra\u00dfe 41<br \/>70794 Filderstadt<\/p><p>Vertreten durch:<br \/>Andreas Hemm<\/p><p>Kontakt:<br \/>(Anschrift wie oben genannt)<br \/>Telefon: +49\u00a0176 \u2013 43 29 24 49<br \/>E-Mail: andreas[at]hemm.design<\/p><p>\u00a0<\/p><h2>HAFTUNGSAUSSCHLUSS<\/h2><h4><span style=\"font-weight: normal;\">Haftung f\u00fcr Inhalte<\/span><\/h4><p>Die Inhalte unserer Seiten wurden mit gr\u00f6\u00dfter Sorgfalt erstellt. F\u00fcr die Richtigkeit, Vollst\u00e4ndigkeit und Aktualit\u00e4t der Inhalte k\u00f6nnen wir jedoch keine Gew\u00e4hr \u00fcbernehmen. Als Diensteanbieter sind wir gem\u00e4\u00df \u00a7 7 Abs.1 TMG f\u00fcr eigene Inhalte auf diesen Seiten nach den allgemeinen Gesetzen verantwortlich. Nach \u00a7\u00a7 8 bis 10 TMG sind wir als Diensteanbieter jedoch nicht verpflichtet, \u00fcbermittelte oder gespeicherte fremde Informationen zu \u00fcberwachen oder nach Umst\u00e4nden zu forschen, die auf eine rechtswidrige T\u00e4tigkeit hinweisen. Verpflichtungen zur Entfernung oder Sperrung der Nutzung von Informationen nach den allgemeinen Gesetzen bleiben hiervon unber\u00fchrt. Eine diesbez\u00fcgliche Haftung ist jedoch erst ab dem Zeitpunkt der Kenntnis einer konkreten Rechtsverletzung m\u00f6glich. Bei Bekanntwerden von entsprechenden Rechtsverletzungen werden wir diese Inhalte umgehend entfernen.<\/p><h4><span style=\"font-weight: normal;\">Haftung f\u00fcr Links<\/span><\/h4><p>Unser Angebot enth\u00e4lt Links zu externen Webseiten Dritter, auf deren Inhalte wir keinen Einfluss haben. Deshalb k\u00f6nnen wir f\u00fcr diese fremden Inhalte auch keine Gew\u00e4hr \u00fcbernehmen. F\u00fcr die Inhalte der verlinkten Seiten ist stets der jeweilige Anbieter oder Betreiber der Seiten verantwortlich. Die verlinkten Seiten wurden zum Zeitpunkt der Verlinkung auf m\u00f6gliche Rechtsverst\u00f6\u00dfe \u00fcberpr\u00fcft. Rechtswidrige Inhalte waren zum Zeitpunkt der Verlinkung nicht erkennbar. Eine permanente inhaltliche Kontrolle der verlinkten Seiten ist jedoch ohne konkrete Anhaltspunkte einer Rechtsverletzung nicht zumutbar. Bei Bekanntwerden von Rechtsverletzungen werden wir derartige Links umgehend entfernen.<\/p><h4><span style=\"font-weight: normal;\">Urheberrecht<\/span><\/h4><p>Die durch die Seitenbetreiber erstellten Inhalte und Werke auf diesen Seiten unterliegen dem deutschen Urheberrecht. Die Vervielf\u00e4ltigung, Bearbeitung, Verbreitung und jede Art der Verwertung au\u00dferhalb der Grenzen des Urheberrechtes bed\u00fcrfen der schriftlichen Zustimmung des jeweiligen Autors bzw. Erstellers. Downloads und Kopien dieser Seite sind nur f\u00fcr den privaten, nicht kommerziellen Gebrauch gestattet. Soweit die Inhalte auf dieser Seite nicht vom Betreiber erstellt wurden, werden die Urheberrechte Dritter beachtet. Insbesondere werden Inhalte Dritter als solche gekennzeichnet. Sollten Sie trotzdem auf eine Urheberrechtsverletzung aufmerksam werden, bitten wir um einen entsprechenden Hinweis. Bei Bekanntwerden von Rechtsverletzungen werden wir derartige Inhalte umgehend entfernen.<\/p>\t\t\t\t\t\t\t\t<\/div>\n\t\t\t\t<\/div>\n\t\t\t\t<div class=\"elementor-element elementor-element-45ffc93 elementor-widget elementor-widget-button\" data-id=\"45ffc93\" data-element_type=\"widget\" data-widget_type=\"button.default\">\n\t\t\t\t<div class=\"elementor-widget-container\">\n\t\t\t\t\t\t\t\t\t<div class=\"elementor-button-wrapper\">\n\t\t\t\t\t<a class=\"elementor-button elementor-button-link elementor-size-xs\" href=\"https:\/\/hemm.design\/\">\n\t\t\t\t\t\t<span class=\"elementor-button-content-wrapper\">\n\t\t\t\t\t\t<span class=\"elementor-button-icon\">\n\t\t\t\t<i aria-hidden=\"true\" class=\"fas fa-chevron-circle-left\"><\/i>\t\t\t<\/span>\n\t\t\t\t\t\t\t\t\t<span class=\"elementor-button-text\"> zur Startseite<\/span>\n\t\t\t\t\t<\/span>\n\t\t\t\t\t<\/a>\n\t\t\t\t<\/div>\n\t\t\t\t\t\t\t\t<\/div>\n\t\t\t\t<\/div>\n\t\t\t\t<div class=\"elementor-element elementor-element-1e12470 elementor-widget elementor-widget-spacer\" data-id=\"1e12470\" data-element_type=\"widget\" data-widget_type=\"spacer.default\">\n\t\t\t\t<div class=\"elementor-widget-container\">\n\t\t\t\t\t\t\t<div class=\"elementor-spacer\">\n\t\t\t<div class=\"elementor-spacer-inner\"><\/div>\n\t\t<\/div>\n\t\t\t\t\t\t<\/div>\n\t\t\t\t<\/div>\n\t\t\t\t\t<\/div>\n\t\t<\/div>\n\t\t\t\t\t<\/div>\n\t\t<\/section>\n\t\t\t\t<section class=\"elementor-section elementor-top-section elementor-element elementor-element-717ef744 elementor-section-content-middle elementor-section-height-min-height elementor-section-boxed elementor-section-height-default elementor-section-items-middle\" data-id=\"717ef744\" data-element_type=\"section\" data-settings=\"{&quot;background_background&quot;:&quot;classic&quot;}\">\n\t\t\t\t\t\t<div class=\"elementor-container elementor-column-gap-default\">\n\t\t\t\t\t<div class=\"elementor-column elementor-col-33 elementor-top-column elementor-element elementor-element-216272a2\" data-id=\"216272a2\" data-element_type=\"column\">\n\t\t\t<div class=\"elementor-widget-wrap elementor-element-populated\">\n\t\t\t\t\t\t<div class=\"elementor-element elementor-element-4e13d4fc elementor-align-center elementor-mobile-align-center elementor-tablet-align-center elementor-widget elementor-widget-button\" data-id=\"4e13d4fc\" data-element_type=\"widget\" data-widget_type=\"button.default\">\n\t\t\t\t<div class=\"elementor-widget-container\">\n\t\t\t\t\t\t\t\t\t<div class=\"elementor-button-wrapper\">\n\t\t\t\t\t<a class=\"elementor-button elementor-button-link elementor-size-sm\" href=\"https:\/\/hemm.design\/?page_id=497\">\n\t\t\t\t\t\t<span class=\"elementor-button-content-wrapper\">\n\t\t\t\t\t\t\t\t\t<span class=\"elementor-button-text\">Impressum<\/span>\n\t\t\t\t\t<\/span>\n\t\t\t\t\t<\/a>\n\t\t\t\t<\/div>\n\t\t\t\t\t\t\t\t<\/div>\n\t\t\t\t<\/div>\n\t\t\t\t\t<\/div>\n\t\t<\/div>\n\t\t\t\t<div class=\"elementor-column elementor-col-33 elementor-top-column elementor-element elementor-element-51ff6402\" data-id=\"51ff6402\" data-element_type=\"column\">\n\t\t\t<div class=\"elementor-widget-wrap elementor-element-populated\">\n\t\t\t\t\t\t<div class=\"elementor-element elementor-element-4caf8848 elementor-align-center elementor-widget elementor-widget-button\" data-id=\"4caf8848\" data-element_type=\"widget\" data-widget_type=\"button.default\">\n\t\t\t\t<div class=\"elementor-widget-container\">\n\t\t\t\t\t\t\t\t\t<div class=\"elementor-button-wrapper\">\n\t\t\t\t\t<a class=\"elementor-button elementor-button-link elementor-size-sm\" href=\"https:\/\/hemm.design\/?page_id=542\">\n\t\t\t\t\t\t<span class=\"elementor-button-content-wrapper\">\n\t\t\t\t\t\t\t\t\t<span class=\"elementor-button-text\">Datenschutz<\/span>\n\t\t\t\t\t<\/span>\n\t\t\t\t\t<\/a>\n\t\t\t\t<\/div>\n\t\t\t\t\t\t\t\t<\/div>\n\t\t\t\t<\/div>\n\t\t\t\t\t<\/div>\n\t\t<\/div>\n\t\t\t\t<div class=\"elementor-column elementor-col-33 elementor-top-column elementor-element elementor-element-6456bfc\" data-id=\"6456bfc\" data-element_type=\"column\">\n\t\t\t<div class=\"elementor-widget-wrap elementor-element-populated\">\n\t\t\t\t\t\t<div class=\"elementor-element elementor-element-a05492b elementor-align-center elementor-mobile-align-center elementor-tablet-align-center elementor-widget elementor-widget-button\" data-id=\"a05492b\" data-element_type=\"widget\" data-widget_type=\"button.default\">\n\t\t\t\t<div class=\"elementor-widget-container\">\n\t\t\t\t\t\t\t\t\t<div class=\"elementor-button-wrapper\">\n\t\t\t\t\t<a class=\"elementor-button elementor-button-link elementor-size-sm\" href=\"https:\/\/hemm.design\/?page_id=793\">\n\t\t\t\t\t\t<span class=\"elementor-button-content-wrapper\">\n\t\t\t\t\t\t\t\t\t<span class=\"elementor-button-text\">Cookie-Richtlinie (EU)<\/span>\n\t\t\t\t\t<\/span>\n\t\t\t\t\t<\/a>\n\t\t\t\t<\/div>\n\t\t\t\t\t\t\t\t<\/div>\n\t\t\t\t<\/div>\n\t\t\t\t\t<\/div>\n\t\t<\/div>\n\t\t\t\t\t<\/div>\n\t\t<\/section>\n\t\t\t\t<\/div>\n\t\t","protected":false},"excerpt":{"rendered":"<p>Impressum Angaben gem\u00e4\u00df \u00a7 5 TMG Andreas Hemm GestaltungNu\u0308rtinger Stra\u00dfe 4170794 Filderstadt Vertreten durch:Andreas Hemm Kontakt:(Anschrift wie oben genannt)Telefon: +49\u00a0176 \u2013 43 29 24 49E-Mail: andreas[at]hemm.design \u00a0 HAFTUNGSAUSSCHLUSS Haftung f\u00fcr Inhalte Die Inhalte unserer Seiten wurden mit gr\u00f6\u00dfter Sorgfalt erstellt. F\u00fcr die Richtigkeit, Vollst\u00e4ndigkeit und Aktualit\u00e4t der Inhalte k\u00f6nnen wir jedoch keine Gew\u00e4hr \u00fcbernehmen. Als [&hellip;]<\/p>\n","protected":false},"author":1,"featured_media":0,"parent":43,"menu_order":0,"comment_status":"closed","ping_status":"closed","template":"elementor_canvas","meta":{"footnotes":""},"yoast_head":"<!-- This site is optimized with the Yoast SEO plugin v23.5 - https:\/\/yoast.com\/wordpress\/plugins\/seo\/ -->\n<title>Impressum - Andreas Hemm Gestaltung<\/title>\n<meta name=\"robots\" content=\"index, follow, max-snippet:-1, max-image-preview:large, max-video-preview:-1\" \/>\n<link rel=\"canonical\" href=\"https:\/\/hemm.design\/?page_id=497\" \/>\n<meta property=\"og:locale\" content=\"de_DE\" \/>\n<meta property=\"og:type\" content=\"article\" \/>\n<meta property=\"og:title\" content=\"Impressum - Andreas Hemm Gestaltung\" \/>\n<meta property=\"og:description\" content=\"Impressum Angaben gem\u00e4\u00df \u00a7 5 TMG Andreas Hemm GestaltungNu\u0308rtinger Stra\u00dfe 4170794 Filderstadt Vertreten durch:Andreas Hemm Kontakt:(Anschrift wie oben genannt)Telefon: +49\u00a0176 \u2013 43 29 24 49E-Mail: andreas[at]hemm.design \u00a0 HAFTUNGSAUSSCHLUSS Haftung f\u00fcr Inhalte Die Inhalte unserer Seiten wurden mit gr\u00f6\u00dfter Sorgfalt erstellt. F\u00fcr die Richtigkeit, Vollst\u00e4ndigkeit und Aktualit\u00e4t der Inhalte k\u00f6nnen wir jedoch keine Gew\u00e4hr \u00fcbernehmen. Als [&hellip;]\" \/>\n<meta property=\"og:url\" content=\"https:\/\/hemm.design\/?page_id=497\" \/>\n<meta property=\"og:site_name\" content=\"Andreas Hemm Gestaltung\" \/>\n<meta property=\"article:modified_time\" content=\"2022-12-19T22:29:19+00:00\" \/>\n<meta property=\"og:image\" content=\"https:\/\/hemm.design\/wp-content\/uploads\/2021\/10\/cropped-HEMM-LOGO-1000-px.png\" \/>\n<meta name=\"twitter:card\" content=\"summary_large_image\" \/>\n<meta name=\"twitter:label1\" content=\"Gesch\u00e4tzte Lesezeit\" \/>\n\t<meta name=\"twitter:data1\" content=\"3\u00a0Minuten\" \/>\n<script type=\"application\/ld+json\" class=\"yoast-schema-graph\">{\"@context\":\"https:\/\/schema.org\",\"@graph\":[{\"@type\":\"WebPage\",\"@id\":\"https:\/\/hemm.design\/?page_id=497\",\"url\":\"https:\/\/hemm.design\/?page_id=497\",\"name\":\"Impressum - Andreas Hemm Gestaltung\",\"isPartOf\":{\"@id\":\"https:\/\/hemm.design\/#website\"},\"primaryImageOfPage\":{\"@id\":\"https:\/\/hemm.design\/?page_id=497#primaryimage\"},\"image\":{\"@id\":\"https:\/\/hemm.design\/?page_id=497#primaryimage\"},\"thumbnailUrl\":\"https:\/\/hemm.design\/wp-content\/uploads\/2021\/10\/cropped-HEMM-LOGO-1000-px.png\",\"datePublished\":\"2021-10-22T12:50:59+00:00\",\"dateModified\":\"2022-12-19T22:29:19+00:00\",\"breadcrumb\":{\"@id\":\"https:\/\/hemm.design\/?page_id=497#breadcrumb\"},\"inLanguage\":\"de\",\"potentialAction\":[{\"@type\":\"ReadAction\",\"target\":[\"https:\/\/hemm.design\/?page_id=497\"]}]},{\"@type\":\"ImageObject\",\"inLanguage\":\"de\",\"@id\":\"https:\/\/hemm.design\/?page_id=497#primaryimage\",\"url\":\"https:\/\/hemm.design\/wp-content\/uploads\/2021\/10\/cropped-HEMM-LOGO-1000-px.png\",\"contentUrl\":\"https:\/\/hemm.design\/wp-content\/uploads\/2021\/10\/cropped-HEMM-LOGO-1000-px.png\",\"width\":250,\"height\":250},{\"@type\":\"BreadcrumbList\",\"@id\":\"https:\/\/hemm.design\/?page_id=497#breadcrumb\",\"itemListElement\":[{\"@type\":\"ListItem\",\"position\":1,\"name\":\"Startseite\",\"item\":\"https:\/\/hemm.design\/\"},{\"@type\":\"ListItem\",\"position\":2,\"name\":\"hemm.design\",\"item\":\"https:\/\/hemm.design\/\"},{\"@type\":\"ListItem\",\"position\":3,\"name\":\"Impressum\"}]},{\"@type\":\"WebSite\",\"@id\":\"https:\/\/hemm.design\/#website\",\"url\":\"https:\/\/hemm.design\/\",\"name\":\"Andreas Hemm Gestaltung\",\"description\":\"\",\"publisher\":{\"@id\":\"https:\/\/hemm.design\/#organization\"},\"potentialAction\":[{\"@type\":\"SearchAction\",\"target\":{\"@type\":\"EntryPoint\",\"urlTemplate\":\"https:\/\/hemm.design\/?s={search_term_string}\"},\"query-input\":{\"@type\":\"PropertyValueSpecification\",\"valueRequired\":true,\"valueName\":\"search_term_string\"}}],\"inLanguage\":\"de\"},{\"@type\":\"Organization\",\"@id\":\"https:\/\/hemm.design\/#organization\",\"name\":\"Andreas Hemm Gestaltung\",\"url\":\"https:\/\/hemm.design\/\",\"logo\":{\"@type\":\"ImageObject\",\"inLanguage\":\"de\",\"@id\":\"https:\/\/hemm.design\/#\/schema\/logo\/image\/\",\"url\":\"https:\/\/hemm.design\/wp-content\/uploads\/2021\/10\/cropped-HEMM-LOGO-1000-px.png\",\"contentUrl\":\"https:\/\/hemm.design\/wp-content\/uploads\/2021\/10\/cropped-HEMM-LOGO-1000-px.png\",\"width\":250,\"height\":250,\"caption\":\"Andreas Hemm Gestaltung\"},\"image\":{\"@id\":\"https:\/\/hemm.design\/#\/schema\/logo\/image\/\"}}]}<\/script>\n<!-- \/ Yoast SEO plugin. -->","yoast_head_json":{"title":"Impressum - Andreas Hemm Gestaltung","robots":{"index":"index","follow":"follow","max-snippet":"max-snippet:-1","max-image-preview":"max-image-preview:large","max-video-preview":"max-video-preview:-1"},"canonical":"https:\/\/hemm.design\/?page_id=497","og_locale":"de_DE","og_type":"article","og_title":"Impressum - Andreas Hemm Gestaltung","og_description":"Impressum Angaben gem\u00e4\u00df \u00a7 5 TMG Andreas Hemm GestaltungNu\u0308rtinger Stra\u00dfe 4170794 Filderstadt Vertreten durch:Andreas Hemm Kontakt:(Anschrift wie oben genannt)Telefon: +49\u00a0176 \u2013 43 29 24 49E-Mail: andreas[at]hemm.design \u00a0 HAFTUNGSAUSSCHLUSS Haftung f\u00fcr Inhalte Die Inhalte unserer Seiten wurden mit gr\u00f6\u00dfter Sorgfalt erstellt. F\u00fcr die Richtigkeit, Vollst\u00e4ndigkeit und Aktualit\u00e4t der Inhalte k\u00f6nnen wir jedoch keine Gew\u00e4hr \u00fcbernehmen. Als [&hellip;]","og_url":"https:\/\/hemm.design\/?page_id=497","og_site_name":"Andreas Hemm Gestaltung","article_modified_time":"2022-12-19T22:29:19+00:00","og_image":[{"url":"https:\/\/hemm.design\/wp-content\/uploads\/2021\/10\/cropped-HEMM-LOGO-1000-px.png"}],"twitter_card":"summary_large_image","twitter_misc":{"Gesch\u00e4tzte Lesezeit":"3\u00a0Minuten"},"schema":{"@context":"https:\/\/schema.org","@graph":[{"@type":"WebPage","@id":"https:\/\/hemm.design\/?page_id=497","url":"https:\/\/hemm.design\/?page_id=497","name":"Impressum - Andreas Hemm Gestaltung","isPartOf":{"@id":"https:\/\/hemm.design\/#website"},"primaryImageOfPage":{"@id":"https:\/\/hemm.design\/?page_id=497#primaryimage"},"image":{"@id":"https:\/\/hemm.design\/?page_id=497#primaryimage"},"thumbnailUrl":"https:\/\/hemm.design\/wp-content\/uploads\/2021\/10\/cropped-HEMM-LOGO-1000-px.png","datePublished":"2021-10-22T12:50:59+00:00","dateModified":"2022-12-19T22:29:19+00:00","breadcrumb":{"@id":"https:\/\/hemm.design\/?page_id=497#breadcrumb"},"inLanguage":"de","potentialAction":[{"@type":"ReadAction","target":["https:\/\/hemm.design\/?page_id=497"]}]},{"@type":"ImageObject","inLanguage":"de","@id":"https:\/\/hemm.design\/?page_id=497#primaryimage","url":"https:\/\/hemm.design\/wp-content\/uploads\/2021\/10\/cropped-HEMM-LOGO-1000-px.png","contentUrl":"https:\/\/hemm.design\/wp-content\/uploads\/2021\/10\/cropped-HEMM-LOGO-1000-px.png","width":250,"height":250},{"@type":"BreadcrumbList","@id":"https:\/\/hemm.design\/?page_id=497#breadcrumb","itemListElement":[{"@type":"ListItem","position":1,"name":"Startseite","item":"https:\/\/hemm.design\/"},{"@type":"ListItem","position":2,"name":"hemm.design","item":"https:\/\/hemm.design\/"},{"@type":"ListItem","position":3,"name":"Impressum"}]},{"@type":"WebSite","@id":"https:\/\/hemm.design\/#website","url":"https:\/\/hemm.design\/","name":"Andreas Hemm Gestaltung","description":"","publisher":{"@id":"https:\/\/hemm.design\/#organization"},"potentialAction":[{"@type":"SearchAction","target":{"@type":"EntryPoint","urlTemplate":"https:\/\/hemm.design\/?s={search_term_string}"},"query-input":{"@type":"PropertyValueSpecification","valueRequired":true,"valueName":"search_term_string"}}],"inLanguage":"de"},{"@type":"Organization","@id":"https:\/\/hemm.design\/#organization","name":"Andreas Hemm Gestaltung","url":"https:\/\/hemm.design\/","logo":{"@type":"ImageObject","inLanguage":"de","@id":"https:\/\/hemm.design\/#\/schema\/logo\/image\/","url":"https:\/\/hemm.design\/wp-content\/uploads\/2021\/10\/cropped-HEMM-LOGO-1000-px.png","contentUrl":"https:\/\/hemm.design\/wp-content\/uploads\/2021\/10\/cropped-HEMM-LOGO-1000-px.png","width":250,"height":250,"caption":"Andreas Hemm Gestaltung"},"image":{"@id":"https:\/\/hemm.design\/#\/schema\/logo\/image\/"}}]}},"_links":{"self":[{"href":"https:\/\/hemm.design\/index.php?rest_route=\/wp\/v2\/pages\/497"}],"collection":[{"href":"https:\/\/hemm.design\/index.php?rest_route=\/wp\/v2\/pages"}],"about":[{"href":"https:\/\/hemm.design\/index.php?rest_route=\/wp\/v2\/types\/page"}],"author":[{"embeddable":true,"href":"https:\/\/hemm.design\/index.php?rest_route=\/wp\/v2\/users\/1"}],"replies":[{"embeddable":true,"href":"https:\/\/hemm.design\/index.php?rest_route=%2Fwp%2Fv2%2Fcomments&post=497"}],"version-history":[{"count":53,"href":"https:\/\/hemm.design\/index.php?rest_route=\/wp\/v2\/pages\/497\/revisions"}],"predecessor-version":[{"id":873,"href":"https:\/\/hemm.design\/index.php?rest_route=\/wp\/v2\/pages\/497\/revisions\/873"}],"up":[{"embeddable":true,"href":"https:\/\/hemm.design\/index.php?rest_route=\/wp\/v2\/pages\/43"}],"wp:attachment":[{"href":"https:\/\/hemm.design\/index.php?rest_route=%2Fwp%2Fv2%2Fmedia&parent=497"}],"curies":[{"name":"wp","href":"https:\/\/api.w.org\/{rel}","templated":true}]}}